 7.
16
What is -7 (base 9) in base 15?
-7
Convert -2 (base 13) to base 5.
-2
What is 7 (base 10) in base 15?
7
What is -10 (base 5) in base 11?
-5
What is 141 (base 6) in base 3?
2021
Convert 2 (base 7) to base 4.
2
Convert -94 (base 11) to base 10.
-103
2033 (base 4) to base 7
263
What is 3 (base 16) in base 2?
11
What is 11 (base 6) in base 3?
21
Convert 19 (base 11) to base 16.
14
0 (base 6) to base 7
0
What is 111 (base 4) in base 15?
16
What is 39 (base 14) in base 15?
36
What is 29 (base 10) in base 5?
104
Convert 5 (base 10) to base 6.
5
Convert 21 (base 15) to base 4.
133
Convert 1221 (base 3) to base 7.
103
-8 (base 11) to base 14
-8
Convert -25 (base 12) to base 6.
-45
What is 222 (base 7) in base 8?
162
What is 3 (base 4) in base 12?
3
What is -165 (base 10) in base 15?
-b0
32 (base 7) to base 3
212
Convert 8 (base 14) to base 6.
12
Convert 4 (base 7) to base 5.
4
-25 (base 7) to base 3
-201
224 (base 7) to base 13
8c
1100 (base 3) to base 14
28
10 (base 15) to base 9
16
Convert 2 (base 16) to base 10.
2
Convert 2 (base 11) to base 3.
2
What is 8 (base 13) in base 7?
11
-3 (base 16) to base 4
-3
Convert -2 (base 8) to base 5.
-2
-100111101 (base 2) to base 7
-632
Convert 2020 (base 3) to base 9.
66
Convert 321 (base 5) to base 2.
1010110
-8 (base 12) to base 15
-8
Convert -11 (base 11) to base 10.
-12
What is 1022 (base 3) in base 12?
2b
Convert 243 (base 6) to base 3.
10200
66 (base 16) to base 4
1212
What is 77 (base 10) in base 2?
1001101
Convert -301 (base 4) to base 6.
-121
Convert -10 (base 3) to base 11.
-3
1 (base 5) to base 7
1
Convert -3 (base 5) to base 9.
-3
-71 (base 8) to base 5
-212
194 (base 14) to base 5
2301
What is 46 (base 7) in base 14?
26
Convert 1 (base 15) to base 16.
1
-3 (base 6) to base 4
-3
What is -14 (base 13) in base 10?
-17
What is -5 (base 8) in base 6?
-5
What is -1 (base 13) in base 7?
-1
Convert -1001 (base 2) to base 16.
-9
What is 1111011 (base 2) in base 11?
102
53 (base 7) to base 14
2a
9 (base 12) to base 13
9
What is 7d (base 16) in base 9?
148
Convert -121 (base 3) to base 13.
-13
Convert 2 (base 6) to base 14.
2
What is 6 (base 16) in base 4?
12
Convert -230 (base 5) to base 11.
-5a
Convert 45 (base 15) to base 2.
1000001
Convert -1 (base 4) to base 11.
-1
101 (base 3) to base 12
a
144 (base 8) to base 9
121
Convert -2 (base 7) to base 10.
-2
Convert -2 (base 13) to base 5.
-2
-50 (base 8) to base 5
-130
81 (base 9) to base 3
2201
2 (base 11) to base 4
2
What is -57 (base 15) in base 5?
-312
-1030 (base 5) to base 13
-aa
-8 (base 13) to base 11
-8
What is -3 (base 11) in base 6?
-3
What is 0 (base 9) in base 5?
0
Convert 167 (base 10) to base 7.
326
Convert -64 (base 15) to base 2.
-1011110
What is 11110101 (base 2) in base 3?
100002
What is 9 (base 13) in base 5?
14
Convert -3 (base 6) to base 11.
-3
13 (base 4) to base 16
7
Convert 2 (base 7) to base 4.
2
-33 (base 6) to base 12
-19
173 (base 12) to base 7
450
Convert 1 (base 9) to base 7.
1
What is -4 (base 6) in base 5?
-4
What is d (base 16) in base 10?
13
-34 (base 9) to base 12
-27
4 (base 8) to base 5
4
Convert 3 (base 16) to base 13.
3
What is -6 (base 14) in base 11?
-6
Convert 17 (base 15) to base 14.
18
-21 (base 5) to base 8
-13
What is 133 (base 5) in base 15?
2d
-2222 (base 4) to base 13
-101
233 (base 4) to base 12
3b
What is 9 (base 10) in base 12?
9
Convert -21 (base 4) to base 10.
-9
8 (base 15) to base 8
10
-4a (base 15) to base 6
-154
Convert -11 (base 4) to base 14.
-5
Convert -10 (base 13) to base 9.
-14
What is 2 (base 9) in base 2?
10
Convert 37 (base 13) to base 6.
114
Convert -123 (base 11) to base 7.
-266
What is 93 (base 14) in base 7?
243
Convert -257 (base 9) to base 4.
-3112
What is -6 (base 12) in base 10?
-6
What is 39 (base 14) in base 13?
3c
3 (base 15) to base 11
3
-12 (base 6) to base 10
-8
Convert -42 (base 5) to base 9.
-24
-1111100 (base 2) to base 11
-103
What is -3 (base 10) in base 13?
-3
What is -33 (base 7) in base 13?
-1b
-33 (base 11) to base 15
-26
What is -110 (base 5) in base 15?
-20
What is -5 (base 11) in base 16?
-5
What is -171 (base 8) in base 9?
-144
0 (base 12) to base 6
0
Convert 12102 (base 3) to base 4.
2102
Convert -202 (base 5) to base 4.
-310
What is -30 (base 7) in base 11?
-1a
Convert 0 (base 6) to base 15.
0
What is 0 (base 11) in base 4?
0
-3 (base 4) to base 15
-3
What is -a2 (base 12) in base 16?
-7a
What is -174 (base 13) in base 11?
-220
What is 1 (base 10) in base 11?
1
What is 14a (base 13) in base 8?
347
What is 4 (base 5) in base 11?
4
What is -5 (base 10) in base 7?
-5
Convert 30 (base 16) to base 12.
40
What is 6 (base 8) in base 2?
110
Convert -512 (base 6) to base 11.
-161
What is 7a (base 13) in base 7?
203
What is -3 (base 9) in base 12?
-3
13 (base 4) to base 8
7
12 (base 12) to base 7
20
What is d (base 15) in base 14?
d
Convert -10100 (base 2) to base 7.
-26
153 (base 6) to base 9
76
301 (base 9) to base 7
466
What is 230 (base 5) in base 15?
45
Convert 1101 (base 3) to base 7.
52
-523 (base 8) to base 11
-289
Convert 2213 (base 5) to base 12.
218
What is -5 (base 7) in base 13?
-5
Convert -1 (base 10) to base 8.
-1
What is 21 (base 4) in base 5?
14
100 (base 2) to base 15
4
Convert -2 (base 8) to base 7.
-2
-3 (base 11) to base 2
-11
-12201 (base 3) to base 4
-2122
26 (base 7) to base 8
24
What is -3 (base 5) in base 7?
-3
Convert 22 (base 11) to base 7.
33
Convert 3 (base 12) to base 15.
3
Convert -110 (base 2) to base 3.
-20
What is -1 (base 10) in base 14?
-1
What is -89 (base 11) in base 5?
-342
Convert -31 (base 4) to base 9.
-14
Convert -1 (base 10) to base 6.
-1
What is -9e (base 16) in base 14?
-b4
What is -1 (base 6) in base 5?
-1
Convert -1 (base 9) to base 12.
-1
-12 (base 8) to base 13
-a
What is -2 (base 5) in base 11?
-2
2 (base 9) to base 3
2
Convert 6c (base 13) to base 10.
90
1101110 (base 2) to base 16
6e
What is -212 (base 7) in base 16?
-6b
What is 142 (base 5) in base 14?
35
Convert -e (base 16) to base 14.
-10
What is -a (base 12) in base 9?
-11
4 (base 12) to base 3
11
304 (base 6) to base 10
112
Convert -12 (base 12) to base 16.
-e
What is 40 (base 9) in base 6?
100
What is -73 (base 14) in base 15?
-6b
Convert -11 (base 7) to base 16.
-8
-1 (base 13) to base 8
-1
What is 101100 (base 2) in base 14?
32
What is 12 (base 7) in base 14?
9
Convert -2 (base 13) to base 15.
-2
Convert -1202 (base 5) to base 7.
-342
What is -1 (base 14) in base 15?
-1
-96 (base 11) to base 10
-105
222 (base 3) to base 13
20
Convert -12 (base 14) to base 4.
-100
Convert 22 (base 11) to base 8.
30
What is -2 (base 6) in base 4?
-2
What is -3 (base 15) in base 3?
-10
Convert -1 (base 5) to base 8.
-1
-4 (base 10) to base 12
-4
Convert 6c (base 16) to base 13.
84
46 (base 13) to base 14
42
Convert 10111 (base 2) to base 6.
35
What is 31 (base 13) in base 2?
101000
What is -17 (base 12) in base 8?
-23
What is 154 (base 10) in base 2?
10011010
42 (base 16) to base 7
123
What is 7 (base 14) in base 11?
7
What is -110 (base 2) in base 8?
-6
Convert 5 (base 9) to base 10.
5
What is -2 (base 13) in base 10?
-2
13 (base 16) to base 13
16
Convert -3 (base 8) to base 15.
-3
2 (base 3) to base 11
2
Convert -3 (base 11) to base 2.
-11
0 (base 6) to base 2
0
What is -1200 (base 3) in base 11?
-41
Convert -15 (base 11) to base 10.
-16
Convert 36 (base 13) to base 11.
41
Convert -4c (base 15) to base 8.
-110
Convert -310 (base 4) to base 16.
-34
Convert 15 (base 8) to base 11.
12
-a8 (base 16) to base 2
-10101000
Convert 1 (base 15) to base 2.
1
What is -1 (base 8) in base 4?
-1
What is -133 (base 7) in base 16?
-49
What is 2 (base 4) in base 7?
2
Convert -103 (base 6) to base 13.
-30
-150 (base 12) to base 7
-411
-20 (base 9) to base 16
-12
What is -101001111 (base 2) in base 13?
-1ca
Convert -4 (base 6) to base 2.
-100
-11 (base 5) to base 11
-6
Convert 1021 (base 3) to base 5.
114
What is -75 (base 14) in base 5?
-403
Convert -1 (base 10) to base 8.
-1
What is -4 (base 13) in base 10?
-4
32 (base 4) to base 2
1110
What is 75 (base 13) in base 15?
66
What is 2 (base 9) in base 2?
10
-100110 (base 2) to base 16
-26
Convert 7 (base 12) to base 14.
7
What is 8 (base 9) in base 12?
8
-6 (base 8) to base 13
-6
What is -4 (base 7) in base 14?
-4
Convert 32 (base 8) to bas